{"id":641,"date":"2016-05-22T11:48:24","date_gmt":"2016-05-22T11:48:24","guid":{"rendered":"http:\/\/www.ttlongchamps.be\/blog\/?page_id=641"},"modified":"2020-11-25T05:13:14","modified_gmt":"2020-11-25T05:13:14","slug":"petit-guide-pour-tout-savoir-espace-personnel-aftt","status":"publish","type":"page","link":"https:\/\/www.ttlongchamps.be\/blog\/petit-guide-pour-tout-savoir-espace-personnel-aftt","title":{"rendered":"Petit guide pour tout savoir sur l&rsquo;espace personnel de l&rsquo;AFTT"},"content":{"rendered":"<p>L&rsquo;<a href=\"http:\/\/www.aftt.be\/\" target=\"_blank\" rel=\"noopener noreferrer\">Aile Francophone de Tennis de Table<\/a> a mis en ligne il y a quelques mois un nouveau site internet. Ce nouveau site comporte un nouvel espace intitul\u00e9 <a href=\"https:\/\/aftt.be\/EP\/\" target=\"_blank\" rel=\"noopener noreferrer\">Espace personnel<\/a>.<\/p>\n<p>A quoi sert-il et comment l&rsquo;utiliser ?<br \/>\nD\u00e9couvrez notre <strong>guide pour tout savoir sur&nbsp;<\/strong><strong>votre espace personnel<\/strong>.<\/p>\n<h2>Que contient ce Guide ?<\/h2>\n<ol>\n<li><a href=\"#que-est-ce-que-espace-personnel\">Qu&rsquo;est-ce que votre espace personnel et \u00e0 quoi sert-il ?<\/a><\/li>\n<li><a href=\"#comment-y-acceder\">Comment acc\u00e9der \u00e0 votre espace personnel ?<\/a><\/li>\n<li><a href=\"#reactivation\">Comment vous r\u00e9activer pour la saison prochaine ?<\/a><\/li>\n<li><a href=\"#valider-reactivation\">Vous \u00eates secr\u00e9taire ? N&rsquo;oubliez pas de valider la r\u00e9activation de vos joueurs !<\/a><\/li>\n<li><a href=\"#classement-provisoire\">D\u00e9couvrez votre classement provisoire.<\/a><\/li>\n<li><a href=\"#autres-fonctionnalites\">Autres fonctionnalit\u00e9s utiles<\/a><\/li>\n<li><a href=\"#communication-officielle-aftt\">Communication officielle de l&rsquo;AFTT<\/a><\/li>\n<li><a href=\"#derniere-chose\">Une derni\u00e8re chose&#8230;<\/a><\/li>\n<\/ol>\n\n<h2 id=\"que-est-ce-que-espace-personnel\">Qu&rsquo;est-ce que votre espace personnel et \u00e0 quoi sert-il ?<\/h2>\n<p>L&rsquo;espace personnel est un espace s\u00e9curis\u00e9, personnalis\u00e9 pour chaque joueur de tennis de table affili\u00e9 \u00e0 l&rsquo;Aile Francophone de Tennis de Table.<\/p>\n<p>Cet espace personnel comporte de nombreuses informations class\u00e9es en diff\u00e9rentes cat\u00e9gories :<\/p>\n<ul>\n<li>actualit\u00e9s (<a href=\"http:\/\/www.pingmagazine.be\" target=\"_blank\" rel=\"noopener noreferrer\">Ping Magazine<\/a>),<\/li>\n<li>informations sportives (classement individuel, archives),<\/li>\n<li>comp\u00e9titions (inscriptions),<\/li>\n<li>infos administratives,<\/li>\n<li>infos relatives \u00e0 la labellisation de votre club,&#8230;<\/li>\n<\/ul>\nngg_shortcode_0_placeholder\n<h2 id=\"comment-y-acceder\">Comment acc\u00e9der \u00e0 votre espace personnel ?<\/h2>\n<p>L&rsquo;espace personnel \u00e9tant comme son nom l&rsquo;indique personnel et s\u00e9curis\u00e9, il est n\u00e9cessaire de vous connecter \u00e0 celui-ci pour pouvoir acc\u00e9der \u00e0 votre espace personnel.<\/p>\nngg_shortcode_1_placeholder\n<h3><strong><span style=\"text-decoration: underline;\">Connectez-vous \u00e0 votre espace personnel en 5 \u00e9tapes<\/span><\/strong><\/h3>\n<ol>\n<li>Rendez-vous sur la page <a href=\"https:\/\/aftt.be\/EP\/\" target=\"_blank\" rel=\"noopener noreferrer\">Connexion \u00e0 l&rsquo;espace personnel<\/a>.<\/li>\n<li>Si vous tentez de vous connecter \u00e0 votre espace personnel pour la <strong>1\u00e8re fois<\/strong> vous devez dans ce cas <a href=\"http:\/\/aftt.be\/espace-personnel\/inscription.php\" target=\"_blank\" rel=\"noopener noreferrer\">cr\u00e9er votre compte<\/a>.<\/li>\n<li><span style=\"text-decoration: underline;\">Cr\u00e9er votre compte<\/span> (Op\u00e9ration \u00e0 r\u00e9aliser uniquement la 1\u00e8re fois)\n<ol>\n<li>Rendez-vous sur la page de <a href=\"http:\/\/aftt.be\/espace-personnel\/inscription.php\" target=\"_blank\" rel=\"noopener noreferrer\">cr\u00e9ation d&rsquo;un compte<\/a>.<\/li>\n<li>Indiquez votre num\u00e9ro de licence.<\/li>\n<li>Indiquez votre adresse e-mail. Attention, vous devez indiquer l&rsquo;adresse e-mail que vous aviez indiqu\u00e9e sur votre affiliation, sinon \u00e7a ne fonctionnera pas.<\/li>\n<li>Cliquez sur valider.<\/li>\n<li>Connectez-vous \u00e0 votre boite mail.<br \/>\nSi vous avez indiqu\u00e9 votre num\u00e9ro d\u2019affiliation correctement et si l&rsquo;adresse e-mail que vous avez indiqu\u00e9e est bien celle connue par l&rsquo;AFTT, vous avez du recevoir un e-mail.ngg_shortcode_2_placeholder<\/li>\n<\/ol>\n<\/li>\n<li><span style=\"text-decoration: underline;\">Connectez-vous \u00e0 votre espace personnel<\/span>.\n<ol>\n<li>Rendez-vous sur la <a href=\"http:\/\/aftt.be\/espace-personnel\/\" target=\"_blank\" rel=\"noopener noreferrer\">page de connexion<\/a> \u00e0 l&rsquo;espace personnel.<\/li>\n<li>Dans le cadre de gauche \u00ab\u00a0ESPACE JOUEUR\u00a0\u00bb, indiquez votre num\u00e9ro de licence et le mot de passe que vous venez de recevoir par e-mail.<\/li>\n<li>Cliquez sur le bouton \u00ab\u00a0Se connecter\u00a0\u00bb<\/li>\n<\/ol>\n<\/li>\n<li>Vous \u00eates d\u00e9sormais connect\u00e9 \u00e0 votre espace personnel! Houraaaaaaaaa !<\/li>\n<\/ol>\n<p><strong>Un probl\u00e8me ?<br \/>\nVous ne connaissez pas votre num\u00e9ro d&rsquo;affiliation ?<br \/>\nVous n&rsquo;aviez pas indiqu\u00e9 d&rsquo;adresse e-mail sur votre affiliation ou vous ne savez plus laquelle vous avez indiqu\u00e9e ?<br \/>\n<\/strong><\/p>\n<h3><strong><span style=\"text-decoration: underline;\">Retrouvez votre num\u00e9ro de licence en 4 \u00e9tapes<\/span><\/strong><\/h3>\n<ol>\n<li>Rendez-vous sur le <a href=\"http:\/\/affrbtt-asbl.be\/menu2.html\" target=\"_blank\" rel=\"noopener noreferrer\">fichier central<\/a>.<\/li>\n<li>Cliquez sur consultation.<\/li>\n<li>Cliquez sur le bouton Consultation de la base de donn\u00e9es.<\/li>\n<li>S\u00e9lectionnez la province dans laquelle vous jouez.<\/li>\n<li>S\u00e9lectionnez le club dans lequel vous jouez.<\/li>\n<li>Cliquez ensuite sur l&rsquo;onglet Affili\u00e9s.<\/li>\n<li>Votre num\u00e9ro de licence est affich\u00e9 dans la colonne Licence.<\/li>\n<\/ol>\nngg_shortcode_3_placeholder\n<h3><strong>Demandez l&rsquo;ajout ou une modification de l&rsquo;adresse e-mail li\u00e9e \u00e0 votre compte.<br \/>\n<\/strong><\/h3>\n<p>Pas de panique! Copiez\/collez le mod\u00e8le d&rsquo;e-mail ci-dessous et envoyez le \u00e0 l&rsquo;adresse e-mail suivante&nbsp;<a href=\"mailto:info@aftt.be\">info<wbr>@aftt.be<\/a> pour demander \u00e0 la f\u00e9d\u00e9ration de mettre \u00e0 jour votre compte.<\/p>\n<p>\u00ab\u00a0Madame, Monsieur,<\/p>\n<p>Je suis affili\u00e9 au club de #NomDeVotreClub# et je ne parviens malheureusement pas \u00e0 me connecter \u00e0 mon espace personnel. Mon num\u00e9ro de licence est le #VotreNum\u00e9roDeLicence# et mon adresse e-mail est #VotreAdresseEmail#.<\/p>\n<p>Pourriez-vous svp mettre \u00e0 jour mon adresse e-mail dans votre syst\u00e8me afin que je puisse recevoir le mot de passe qui me permettra de me connecter \u00e0 mon espace personnel ?<\/p>\n<p>A bient\u00f4t et merci!\u00a0\u00bb<\/p>\n<h2 id=\"reactivation\">Comment vous r\u00e9activer pour la saison prochaine ?<\/h2>\n<p>Vous souvenez-vous des feuilles de r\u00e9activation \u00e0 signer chaque saison ?<br \/>\nGr\u00e2ce \u00e0 votre espace personnel, vous allez d\u00e9sormais pouvoir vous r\u00e9activer en ligne et vous ne devez donc plus signer cette feuille. Les secr\u00e9taires de clubs ne devront bient\u00f4t plus courir apr\u00e8s les joueurs pour obtenir leurs signatures.<\/p>\nngg_shortcode_4_placeholder\n<p><span style=\"text-decoration: underline;\"><strong>Vous r\u00e9activer en 3 \u00e9tapes :<\/strong><\/span><\/p>\n<ol>\n<li>Connectez-vous \u00e0 votre espace personnel.<\/li>\n<li>Dans le menu de gauche, cliquez sur le lien \u00ab\u00a0Activation\u00a0\u00bb pr\u00e9sent dans la rubrique \u00ab\u00a0Administratif\u00a0\u00bb.<\/li>\n<li>Cliquez sur le bouton \u00ab\u00a0Activation en ligne\u00a0\u00bb<\/li>\n<\/ol>\n<p>Les formulaires de r\u00e9activation papier restent cependant valables. En effet, tout le monde n&rsquo;a pas encore d&rsquo;adresse e-mail et\/ou tout le monde n&rsquo;est pas encore parvenu \u00e0 se connecter \u00e0 son espace personnel ;-).<\/p>\n\n<h2 id=\"valider-reactivation\">Vous \u00eates secr\u00e9taire ? N&rsquo;oubliez pas de valider la r\u00e9activation de vos joueurs !<\/h2>\n<p>Lorsque vos joueurs se sont r\u00e9activ\u00e9s en ligne, vous devez valider leur r\u00e9activation en ligne. Pour ce faire, rendez-vous dans la rubrique Administratif \/ Confirmation d&rsquo;activation.<\/p>\n<p>Vos joueurs sont class\u00e9s en 3 cat\u00e9gories :<\/p>\n<ol>\n<li>En attente d&rsquo;activation : il s&rsquo;agit des joueurs qui ne se sont pas encore r\u00e9activ\u00e9s en ligne.<\/li>\n<li>A confirmer : il s&rsquo;agit des joueurs qui se sont confirm\u00e9s en ligne et qui attendent d&rsquo;\u00eatre valid\u00e9s par le secr\u00e9taire du club.<\/li>\n<li>Confirm\u00e9s : il s&rsquo;agit des joueurs qui ont bien \u00e9t\u00e9 r\u00e9activ\u00e9s.<\/li>\n<\/ol>\nngg_shortcode_5_placeholder\n<h2 id=\"classement-provisoire\">D\u00e9couvrez votre classement provisoire.<\/h2>\n<p>Vous vous rendez toutes les semaines sur le site du&nbsp;<a href=\"http:\/\/www.muppetsauderghem.be\/com\/estimer-son-classement-virtuel\/\" target=\"_blank\" rel=\"noopener noreferrer\">Muppet&rsquo;s T.T. Auderghem<\/a> pour connaitre votre nouveau classement ? Vous allez d\u00e9sormais pouvoir le voir directement dans votre espace personnel!<\/p>\n<p>Votre<strong> classement individuel provisoire<\/strong> sera mis \u00e0 jour apr\u00e8s <strong>chaque journ\u00e9e<\/strong> de championnat.<\/p>\n\n<p>Vous pouvez consulter votre classement provisoire dans la rubrique Sportif \/ Classement provisoire.<\/p>\nngg_shortcode_6_placeholder\n<p>La rubrique Archives vous permet de revoir vos r\u00e9sultats individuels des vos saisons pr\u00e9c\u00e9dentes.<\/p>\nngg_shortcode_7_placeholder\n<h2 id=\"autres-fonctionnalites\">Autres fonctionnalit\u00e9s utiles.<\/h2>\n<p>D&rsquo;autres fonctionnalit\u00e9s utiles sont pr\u00e9sentes dans votre espace personnel :<\/p>\n<ul>\n<li>Boite de r\u00e9ception : vous pouvez utiliser cette fonctionnalit\u00e9 pour communiquer avec l&rsquo;AFTT.<\/li>\n<li>Inscriptions aux comp\u00e9titions : vous pouvez dor\u00e9navant vous inscrire \u00e0 diff\u00e9rentes comp\u00e9titions directement en ligne.<\/li>\n<li>Modifications de vos donn\u00e9es personnelles : mettre \u00e0 jour vos coordonn\u00e9es personnelles et donc mettre \u00e0 jour les informations de votre licence.<\/li>\n<li>D\u00e9claration d&rsquo;accident : vous pouvez g\u00e9n\u00e9rer une d\u00e9claration d&rsquo;accident pr\u00e9-remplie.<\/li>\n<\/ul>\n<h2 id=\"communication-officielle-aftt\">Communication officielle de l&rsquo;AFTT<\/h2>\n<p>L&rsquo;AFTT invite tous les joueurs \u00e0 se connecter \u00e0 leur espace personnel.<\/p>\n<div id=\"new-royalslider-2\" class=\"royalSlider new-royalslider-2 rsUni rs-image-gallery\" style=\"width:100%; height:500;\"><div class=\"rsContent\">\n  <a class=\"rsImg\" href=\"https:\/\/www.ttlongchamps.be\/blog\/wp-content\/uploads\/2016\/05\/Annonce-espace-personnel-1-724x1024.gif\" data-rsBigImg=\"https:\/\/www.ttlongchamps.be\/blog\/wp-content\/uploads\/2016\/05\/Annonce-espace-personnel-1.gif\">Annonce-espace-personnel-1<\/a>\n  <div class=\"rsTmb\"><img decoding=\"async\" src=\"https:\/\/www.ttlongchamps.be\/blog\/wp-content\/uploads\/2016\/05\/Annonce-espace-personnel-1-96x72.gif\" alt=\"\" \/><\/div>\n  \n  \n<\/div><div class=\"rsContent\">\n  <a class=\"rsImg\" href=\"https:\/\/www.ttlongchamps.be\/blog\/wp-content\/uploads\/2016\/05\/Annonce-espace-personnel-2-724x1024.gif\" data-rsBigImg=\"https:\/\/www.ttlongchamps.be\/blog\/wp-content\/uploads\/2016\/05\/Annonce-espace-personnel-2.gif\">Annonce-espace-personnel-2<\/a>\n  <div class=\"rsTmb\"><img decoding=\"async\" src=\"https:\/\/www.ttlongchamps.be\/blog\/wp-content\/uploads\/2016\/05\/Annonce-espace-personnel-2-96x72.gif\" alt=\"\" \/><\/div>\n  \n  \n<\/div><div class=\"rsContent\">\n  <a class=\"rsImg\" href=\"https:\/\/www.ttlongchamps.be\/blog\/wp-content\/uploads\/2016\/05\/Annonce-espace-personnel-3-724x1024.gif\" data-rsBigImg=\"https:\/\/www.ttlongchamps.be\/blog\/wp-content\/uploads\/2016\/05\/Annonce-espace-personnel-3.gif\">Annonce-espace-personnel-3<\/a>\n  <div class=\"rsTmb\"><img decoding=\"async\" src=\"https:\/\/www.ttlongchamps.be\/blog\/wp-content\/uploads\/2016\/05\/Annonce-espace-personnel-3-96x72.gif\" alt=\"\" \/><\/div>\n  \n  \n<\/div><div class=\"rsContent\">\n  <a class=\"rsImg\" href=\"https:\/\/www.ttlongchamps.be\/blog\/wp-content\/uploads\/2016\/05\/Annonce-espace-personnel-4-724x1024.gif\" data-rsBigImg=\"https:\/\/www.ttlongchamps.be\/blog\/wp-content\/uploads\/2016\/05\/Annonce-espace-personnel-4.gif\">Annonce-espace-personnel-4<\/a>\n  <div class=\"rsTmb\"><img decoding=\"async\" src=\"https:\/\/www.ttlongchamps.be\/blog\/wp-content\/uploads\/2016\/05\/Annonce-espace-personnel-4-96x72.gif\" alt=\"\" \/><\/div>\n  \n  \n<\/div><\/div>\n<p>&nbsp;<\/p>\n<h2>A propos de nous.<\/h2>\n<p>Nous sommes un club de tennis de table situ\u00e9 \u00e0 Longchamps, un village situ\u00e9e entre <a href=\"http:\/\/www.ttlongchamps.be\/blog\/presentation-du-club\" target=\"_blank\" rel=\"noopener noreferrer\">Bastogne et Bertogne en province de Luxembourg<\/a>. Vous pouvez en savoir plus sur nous en lisant la <a href=\"http:\/\/www.ttlongchamps.be\/blog\/presentation-du-club\" target=\"_blank\" rel=\"noopener noreferrer\">pr\u00e9sentation de notre club de tennis de table<\/a>.<\/p>\n<h2 id=\"derniere-chose\">Une derni\u00e8re chose&#8230;<\/h2>\n<p>Vous avez trouv\u00e9 ce guide utile ?<br \/>\nCe guide vous a appris quelque chose de nouveau ?<br \/>\nVous \u00eates parvenu \u00e0 vous connecter \u00e0 votre espace personnel gr\u00e2ce \u00e0 ce guide ?<br \/>\nDites le nous en laissant un <span style=\"text-decoration: underline;\">commentaire<\/span> ci-dessous !<\/p>\n\n<div style=\"background-color: #f2f2f2;\">N&rsquo;h\u00e9sitez pas <strong>partager<\/strong> ce <strong>guide<\/strong> aupr\u00e8s de vos amis <strong>pongistes<\/strong> par e-mail ou via Facebook. N&rsquo;h\u00e9sitez pas \u00e0 ajouter un lien vers ce guide depuis le site internet de votre club. Merci \u00e0 vous !<\/div>\n","protected":false},"excerpt":{"rendered":"<p>L&rsquo;Aile Francophone de Tennis de Table a mis en ligne il y a quelques mois un nouveau site internet. Ce nouveau site comporte un nouvel espace intitul\u00e9 Espace personnel. A quoi sert-il et comment l&rsquo;utiliser ? D\u00e9couvrez notre guide pour &hellip; <a href=\"https:\/\/www.ttlongchamps.be\/blog\/petit-guide-pour-tout-savoir-espace-personnel-aftt\">Continuer la lecture <span class=\"meta-nav\">&rarr;<\/span><\/a><\/p>\n","protected":false},"author":1,"featured_media":0,"parent":0,"menu_order":0,"comment_status":"open","ping_status":"closed","template":"","meta":{"_monsterinsights_skip_tracking":false,"_monsterinsights_sitenote_active":false,"_monsterinsights_sitenote_note":"","_monsterinsights_sitenote_category":0,"ngg_post_thumbnail":0,"footnotes":""},"class_list":["post-641","page","type-page","status-publish","hentry"],"yoast_head":"<!-- This site is optimized with the Yoast SEO plugin v25.0 - https:\/\/yoast.com\/wordpress\/plugins\/seo\/ -->\n<title>Petit guide pour tout savoir sur l&#039;espace personnel de l&#039;AFTT |<\/title>\n<meta name=\"robots\" content=\"index, follow, max-snippet:-1, max-image-preview:large, max-video-preview:-1\" \/>\n<link rel=\"canonical\" href=\"https:\/\/www.ttlongchamps.be\/blog\/petit-guide-pour-tout-savoir-espace-personnel-aftt\" \/>\n<meta property=\"og:locale\" content=\"fr_FR\" \/>\n<meta property=\"og:type\" content=\"article\" \/>\n<meta property=\"og:title\" content=\"Petit guide pour tout savoir sur l&#039;espace personnel de l&#039;AFTT |\" \/>\n<meta property=\"og:description\" content=\"L&rsquo;Aile Francophone de Tennis de Table a mis en ligne il y a quelques mois un nouveau site internet. Ce nouveau site comporte un nouvel espace intitul\u00e9 Espace personnel. A quoi sert-il et comment l&rsquo;utiliser ? D\u00e9couvrez notre guide pour &hellip; Continuer la lecture &rarr;\" \/>\n<meta property=\"og:url\" content=\"https:\/\/www.ttlongchamps.be\/blog\/petit-guide-pour-tout-savoir-espace-personnel-aftt\" \/>\n<meta property=\"og:site_name\" content=\"Club de tennis de table de Longchamps\" \/>\n<meta property=\"article:modified_time\" content=\"2020-11-25T05:13:14+00:00\" \/>\n<meta property=\"og:image\" content=\"https:\/\/i0.wp.com\/www.ttlongchamps.be\/blog\/wp-content\/uploads\/2016\/05\/petit-guide.jpg?fit=1200%2C600&ssl=1\" \/>\n\t<meta property=\"og:image:width\" content=\"1200\" \/>\n\t<meta property=\"og:image:height\" content=\"600\" \/>\n\t<meta property=\"og:image:type\" content=\"image\/jpeg\" \/>\n<meta name=\"twitter:label1\" content=\"Dur\u00e9e de lecture estim\u00e9e\" \/>\n\t<meta name=\"twitter:data1\" content=\"6 minutes\" \/>\n<script type=\"application\/ld+json\" class=\"yoast-schema-graph\">{\"@context\":\"https:\/\/schema.org\",\"@graph\":[{\"@type\":\"WebPage\",\"@id\":\"https:\/\/www.ttlongchamps.be\/blog\/petit-guide-pour-tout-savoir-espace-personnel-aftt\",\"url\":\"https:\/\/www.ttlongchamps.be\/blog\/petit-guide-pour-tout-savoir-espace-personnel-aftt\",\"name\":\"Petit guide pour tout savoir sur l'espace personnel de l'AFTT |\",\"isPartOf\":{\"@id\":\"https:\/\/www.ttlongchamps.be\/blog\/#website\"},\"datePublished\":\"2016-05-22T11:48:24+00:00\",\"dateModified\":\"2020-11-25T05:13:14+00:00\",\"breadcrumb\":{\"@id\":\"https:\/\/www.ttlongchamps.be\/blog\/petit-guide-pour-tout-savoir-espace-personnel-aftt#breadcrumb\"},\"inLanguage\":\"fr-FR\",\"potentialAction\":[{\"@type\":\"ReadAction\",\"target\":[\"https:\/\/www.ttlongchamps.be\/blog\/petit-guide-pour-tout-savoir-espace-personnel-aftt\"]}]},{\"@type\":\"BreadcrumbList\",\"@id\":\"https:\/\/www.ttlongchamps.be\/blog\/petit-guide-pour-tout-savoir-espace-personnel-aftt#breadcrumb\",\"itemListElement\":[{\"@type\":\"ListItem\",\"position\":1,\"name\":\"Accueil\",\"item\":\"https:\/\/www.ttlongchamps.be\/blog\"},{\"@type\":\"ListItem\",\"position\":2,\"name\":\"Petit guide pour tout savoir sur l&rsquo;espace personnel de l&rsquo;AFTT\"}]},{\"@type\":\"WebSite\",\"@id\":\"https:\/\/www.ttlongchamps.be\/blog\/#website\",\"url\":\"https:\/\/www.ttlongchamps.be\/blog\/\",\"name\":\"Club de tennis de table de Longchamps\",\"description\":\"Entre Bastogne et Bertogne | Province Luxembourg\",\"potentialAction\":[{\"@type\":\"SearchAction\",\"target\":{\"@type\":\"EntryPoint\",\"urlTemplate\":\"https:\/\/www.ttlongchamps.be\/blog\/?s={search_term_string}\"},\"query-input\":{\"@type\":\"PropertyValueSpecification\",\"valueRequired\":true,\"valueName\":\"search_term_string\"}}],\"inLanguage\":\"fr-FR\"}]}<\/script>\n<!-- \/ Yoast SEO plugin. -->","yoast_head_json":{"title":"Petit guide pour tout savoir sur l'espace personnel de l'AFTT |","robots":{"index":"index","follow":"follow","max-snippet":"max-snippet:-1","max-image-preview":"max-image-preview:large","max-video-preview":"max-video-preview:-1"},"canonical":"https:\/\/www.ttlongchamps.be\/blog\/petit-guide-pour-tout-savoir-espace-personnel-aftt","og_locale":"fr_FR","og_type":"article","og_title":"Petit guide pour tout savoir sur l'espace personnel de l'AFTT |","og_description":"L&rsquo;Aile Francophone de Tennis de Table a mis en ligne il y a quelques mois un nouveau site internet. Ce nouveau site comporte un nouvel espace intitul\u00e9 Espace personnel. A quoi sert-il et comment l&rsquo;utiliser ? D\u00e9couvrez notre guide pour &hellip; Continuer la lecture &rarr;","og_url":"https:\/\/www.ttlongchamps.be\/blog\/petit-guide-pour-tout-savoir-espace-personnel-aftt","og_site_name":"Club de tennis de table de Longchamps","article_modified_time":"2020-11-25T05:13:14+00:00","og_image":[{"width":1200,"height":600,"url":"https:\/\/i0.wp.com\/www.ttlongchamps.be\/blog\/wp-content\/uploads\/2016\/05\/petit-guide.jpg?fit=1200%2C600&ssl=1","type":"image\/jpeg"}],"twitter_misc":{"Dur\u00e9e de lecture estim\u00e9e":"6 minutes"},"schema":{"@context":"https:\/\/schema.org","@graph":[{"@type":"WebPage","@id":"https:\/\/www.ttlongchamps.be\/blog\/petit-guide-pour-tout-savoir-espace-personnel-aftt","url":"https:\/\/www.ttlongchamps.be\/blog\/petit-guide-pour-tout-savoir-espace-personnel-aftt","name":"Petit guide pour tout savoir sur l'espace personnel de l'AFTT |","isPartOf":{"@id":"https:\/\/www.ttlongchamps.be\/blog\/#website"},"datePublished":"2016-05-22T11:48:24+00:00","dateModified":"2020-11-25T05:13:14+00:00","breadcrumb":{"@id":"https:\/\/www.ttlongchamps.be\/blog\/petit-guide-pour-tout-savoir-espace-personnel-aftt#breadcrumb"},"inLanguage":"fr-FR","potentialAction":[{"@type":"ReadAction","target":["https:\/\/www.ttlongchamps.be\/blog\/petit-guide-pour-tout-savoir-espace-personnel-aftt"]}]},{"@type":"BreadcrumbList","@id":"https:\/\/www.ttlongchamps.be\/blog\/petit-guide-pour-tout-savoir-espace-personnel-aftt#breadcrumb","itemListElement":[{"@type":"ListItem","position":1,"name":"Accueil","item":"https:\/\/www.ttlongchamps.be\/blog"},{"@type":"ListItem","position":2,"name":"Petit guide pour tout savoir sur l&rsquo;espace personnel de l&rsquo;AFTT"}]},{"@type":"WebSite","@id":"https:\/\/www.ttlongchamps.be\/blog\/#website","url":"https:\/\/www.ttlongchamps.be\/blog\/","name":"Club de tennis de table de Longchamps","description":"Entre Bastogne et Bertogne | Province Luxembourg","potentialAction":[{"@type":"SearchAction","target":{"@type":"EntryPoint","urlTemplate":"https:\/\/www.ttlongchamps.be\/blog\/?s={search_term_string}"},"query-input":{"@type":"PropertyValueSpecification","valueRequired":true,"valueName":"search_term_string"}}],"inLanguage":"fr-FR"}]}},"_links":{"self":[{"href":"https:\/\/www.ttlongchamps.be\/blog\/wp-json\/wp\/v2\/pages\/641","targetHints":{"allow":["GET"]}}],"collection":[{"href":"https:\/\/www.ttlongchamps.be\/blog\/wp-json\/wp\/v2\/pages"}],"about":[{"href":"https:\/\/www.ttlongchamps.be\/blog\/wp-json\/wp\/v2\/types\/page"}],"author":[{"embeddable":true,"href":"https:\/\/www.ttlongchamps.be\/blog\/wp-json\/wp\/v2\/users\/1"}],"replies":[{"embeddable":true,"href":"https:\/\/www.ttlongchamps.be\/blog\/wp-json\/wp\/v2\/comments?post=641"}],"version-history":[{"count":105,"href":"https:\/\/www.ttlongchamps.be\/blog\/wp-json\/wp\/v2\/pages\/641\/revisions"}],"predecessor-version":[{"id":875,"href":"https:\/\/www.ttlongchamps.be\/blog\/wp-json\/wp\/v2\/pages\/641\/revisions\/875"}],"wp:attachment":[{"href":"https:\/\/www.ttlongchamps.be\/blog\/wp-json\/wp\/v2\/media?parent=641"}],"curies":[{"name":"wp","href":"https:\/\/api.w.org\/{rel}","templated":true}]}}